{"id":586350,"date":"2025-05-13T10:36:50","date_gmt":"2024-10-09T13:51:47","guid":{"rendered":"https:\/\/www.indigo-lighting.com\/product\/mini-timy-e27\/"},"modified":"2026-03-30T18:56:20","modified_gmt":"2026-03-30T16:56:20","slug":"mini-timy-e27","status":"publish","type":"product","link":"https:\/\/www.indigo-lighting.com\/de\/product\/mini-timy-e27\/","title":{"rendered":"MINI TIMY E27"},"content":{"rendered":"<ul>\n<li>Wand- oder Deckenleuchte f\u00fcr die Innen- und Au\u00dfenbeleuchtung.<\/li>\n<li>Mit vandalismussicheren Schrauben und Schraubenschl\u00fcssel.<\/li>\n<\/ul>\n","protected":false},"excerpt":{"rendered":"<p>Wand- oder Deckenleuchte f\u00fcr die Innen- und Au\u00dfenbeleuchtung. Mit vandalismussicheren Schrauben und Schraubenschl\u00fcssel.<\/p>\n","protected":false},"featured_media":776044,"comment_status":"open","ping_status":"closed","template":"","meta":{"_acf_changed":false,"_relevanssi_hide_post":"","_relevanssi_hide_content":"","_relevanssi_pin_for_all":"","_relevanssi_pin_keywords":"","_relevanssi_unpin_keywords":"","_relevanssi_related_keywords":"","_relevanssi_related_include_ids":"","_relevanssi_related_exclude_ids":"","_relevanssi_related_no_append":"","_relevanssi_related_not_related":"","_relevanssi_related_posts":""},"product_brand":[],"product_cat":[44375,44375],"product_tag":[],"family":[],"class_list":{"0":"post-586350","1":"product","2":"type-product","3":"status-publish","4":"has-post-thumbnail","6":"product_cat-aussenwandleuchten-de-innenleuchten-de","8":"pa_ac-dc-de-ac-230v","9":"pa_anti-vandalisme-de-gegen-vandalismus-geschuetzt","10":"pa_avec-prises-usb-de-keine","11":"pa_batterie-rechargeable-usb-de-nein","12":"pa_canal-web-de-yes","13":"pa_cellules-solaires-de-nein","14":"pa_conformite-ce-de-ce-genehmigung","15":"pa_couleur-de-schwarz","16":"pa_couleur-de-weiss","17":"pa_description-technique-de-mini-timy-e27-max23w-ip66","18":"pa_detecteur-de-mouvement-de-nein","19":"pa_diametre-de-260","20":"pa_garantie-de-3-jahre","21":"pa_hauteur-de-81","22":"pa_lieu-de-montage-de-verwendung-im-freien-und-in-innenraeumen","23":"pa_matiere-corps-de-polycarbonat","24":"pa_montage-et-diffusion-de-nur-wand-oder-deckenmontage","25":"pa_nombre-de-lampes-de-1","26":"pa_nombre-de-sources-de-1","27":"pa_nombre-de-sources-norme-de-1","28":"pa_puissance-maximum-des-lampes-de-23","29":"pa_reference-indigo-de-ou44530","30":"pa_reference-indigo-de-ou44531","31":"pa_soquet-de-e27","32":"pa_source-remplacable-de-lichtquelle-vom-endbenutzer-austauschbar","33":"pa_surface-de-montage-de-wand-und-decke","34":"pa_tarif-euro-de-2500","35":"pa_tarif-franc-suisse-de-2500","36":"pa_technologie-de-lampe-nicht-inbegriffen","37":"pa_test-au-fil-incandescent-de-850","38":"pa_type-de-lampes-de-classic-a","39":"pa_type-de-montage-de-angebaut","41":"first","42":"instock","43":"shipping-taxable","44":"purchasable","45":"product-type-variable"},"acf":[],"_links":{"self":[{"href":"https:\/\/www.indigo-lighting.com\/de\/wp-json\/wp\/v2\/product\/586350","targetHints":{"allow":["GET"]}}],"collection":[{"href":"https:\/\/www.indigo-lighting.com\/de\/wp-json\/wp\/v2\/product"}],"about":[{"href":"https:\/\/www.indigo-lighting.com\/de\/wp-json\/wp\/v2\/types\/product"}],"replies":[{"embeddable":true,"href":"https:\/\/www.indigo-lighting.com\/de\/wp-json\/wp\/v2\/comments?post=586350"}],"wp:featuredmedia":[{"embeddable":true,"href":"https:\/\/www.indigo-lighting.com\/de\/wp-json\/wp\/v2\/media\/776044"}],"wp:attachment":[{"href":"https:\/\/www.indigo-lighting.com\/de\/wp-json\/wp\/v2\/media?parent=586350"}],"wp:term":[{"taxonomy":"product_brand","embeddable":true,"href":"https:\/\/www.indigo-lighting.com\/de\/wp-json\/wp\/v2\/product_brand?post=586350"},{"taxonomy":"product_cat","embeddable":true,"href":"https:\/\/www.indigo-lighting.com\/de\/wp-json\/wp\/v2\/product_cat?post=586350"},{"taxonomy":"product_tag","embeddable":true,"href":"https:\/\/www.indigo-lighting.com\/de\/wp-json\/wp\/v2\/product_tag?post=586350"},{"taxonomy":"family","embeddable":true,"href":"https:\/\/www.indigo-lighting.com\/de\/wp-json\/wp\/v2\/family?post=586350"}],"curies":[{"name":"wp","href":"https:\/\/api.w.org\/{rel}","templated":true}]}}

<ul>
<li>Wand- oder Deckenleuchte für die Innen- und Außenbeleuchtung.</li>
<li>Mit vandalismussicheren Schrauben und Schraubenschlüssel.</li>
</ul>

<p>Wand- oder Deckenleuchte für die Innen- und Außenbeleuchtung. Mit vandalismussicheren Schrauben und Schraubenschlüssel.</p>
