{"id":449542,"date":"2025-05-13T10:36:50","date_gmt":"2024-09-10T06:53:16","guid":{"rendered":"https:\/\/www.indigo-lighting.com\/product\/polas-versa-2\/"},"modified":"2026-03-30T19:27:00","modified_gmt":"2026-03-30T17:27:00","slug":"polas-versa","status":"publish","type":"product","link":"https:\/\/www.indigo-lighting.com\/de\/product\/polas-versa\/","title":{"rendered":"POLAS VERSA"},"content":{"rendered":"<ul>\n<li>Wasserdichte lineare Leuchte.<\/li>\n<li>Diffusor aus Polycarbonat.<\/li>\n<li>3000K, 4000K oder 6500K w\u00e4hlbar \u00fcber einen Schalter in der Leuchte.<\/li>\n<li>Mit Durchgangsverdrahtung.<\/li>\n<li>Nicht dimmbarer oder dimmbarer DALI-Konverter in der Leuchte integriert.<\/li>\n<li>Inklusive Montageclips, optional mit B\u00fcgeln und Aufh\u00e4ngungsseilen.<\/li>\n<li>Optionaler PIR-Bewegungs- und D\u00e4mmerungsmelder: Erfassungsbereich max. 8m Durchmesser, Installationsh\u00f6he max. 6m, Master\/Slave-Funktion.<\/li>\n<\/ul>\n","protected":false},"excerpt":{"rendered":"<p>Wasserdichte lineare Leuchte. Diffusor aus Polycarbonat. 3000K, 4000K oder 6500K w\u00e4hlbar \u00fcber einen Schalter in der Leuchte. Mit Durchgangsverdrahtung. Nicht dimmbarer oder dimmbarer DALI-Konverter in der Leuchte integriert. Inklusive Montageclips, optional mit B\u00fcgeln und Aufh\u00e4ngungsseilen. Optionaler PIR-Bewegungs- und D\u00e4mmerungsmelder: Erfassungsbereich max. 8m Durchmesser, Installationsh\u00f6he max. 6m, Master\/Slave-Funktion.<\/p>\n","protected":false},"featured_media":784139,"comment_status":"open","ping_status":"closed","template":"","meta":{"_acf_changed":false,"_relevanssi_hide_post":"","_relevanssi_hide_content":"","_relevanssi_pin_for_all":"","_relevanssi_pin_keywords":"","_relevanssi_unpin_keywords":"","_relevanssi_related_keywords":"","_relevanssi_related_include_ids":"","_relevanssi_related_exclude_ids":"","_relevanssi_related_no_append":"","_relevanssi_related_not_related":"","_relevanssi_related_posts":""},"product_brand":[],"product_cat":[44376,44376],"product_tag":[],"family":[],"class_list":{"0":"post-449542","1":"product","2":"type-product","3":"status-publish","4":"has-post-thumbnail","6":"product_cat-feuchtraumleuchten-de-innenleuchten-de","8":"pa_ac-dc-de-ac-230v-dc-190ma-152v","9":"pa_ac-dc-de-ac-230v-dc-270ma-152v","10":"pa_anti-vandalisme-de-nein","11":"pa_avec-prises-usb-de-keine","12":"pa_batterie-rechargeable-usb-de-nein","13":"pa_canal-web-de-yes","14":"pa_cellules-solaires-de-nein","15":"pa_classe-energetique-liste-de-energieklasse-d","16":"pa_conformite-ce-de-ce-genehmigung","17":"pa_convertisseur-inclus-de-inklusive-konverter-schutzklasse-i","18":"pa_convertisseur-remplacable-de-treiber-von-einem-elektriker-austauschbar","19":"pa_couleur-de-weiss","20":"pa_description-technique-de-polas-versa-1300mm-31w-ip66-120","21":"pa_description-technique-de-polas-versa-1300mm-31w-ip66-120-dali","22":"pa_description-technique-de-polas-versa-1600mm-43w-ip66-120","23":"pa_description-technique-de-polas-versa-1600mm-43w-ip66-120-dali","24":"pa_detecteur-de-mouvement-de-optional","25":"pa_dimmable-de-ja","26":"pa_dimmable-de-nein","27":"pa_duree-de-vie-de-l80b20-50-000h","28":"pa_garantie-de-5-jahre","29":"pa_hauteur-de-65","30":"pa_irc-ra-de-cri80","31":"pa_largeur-de-65","32":"pa_largeur-de-faisceau-de-120","33":"pa_led-remplacable-de-led-von-einem-elektriker-austauschbar","34":"pa_lieu-de-montage-de-verwendung-im-freien-und-in-innenraeumen","35":"pa_longueur-de-1300","36":"pa_longueur-de-1600","37":"pa_matiere-corps-de-polycarbonat","38":"pa_montage-et-diffusion-de-nur-wand-oder-deckenmontage","39":"pa_new-de-new","40":"pa_nombre-de-sources-de-1","41":"pa_puissance-luminaire-de-31","42":"pa_puissance-luminaire-de-43","43":"pa_reference-indigo-de-pol30104","44":"pa_reference-indigo-de-pol30204","45":"pa_reference-indigo-de-pol30304","46":"pa_reference-indigo-de-pol30404","47":"pa_rg-risque-photobiologique-de-rg0","48":"pa_surface-de-montage-de-decke","49":"pa_tarif-euro-de-10000","50":"pa_tarif-euro-de-5000","51":"pa_tarif-euro-de-6000","52":"pa_tarif-euro-de-9000","53":"pa_tarif-franc-suisse-de-10000","54":"pa_tarif-franc-suisse-de-5000","55":"pa_tarif-franc-suisse-de-6000","56":"pa_tarif-franc-suisse-de-9000","57":"pa_technologie-de-integrierte-led","58":"pa_temperature-de-couleur-de-wahl-der-farbtemperatur-3000-4000-6500k","59":"pa_test-au-fil-incandescent-de-850","60":"pa_type-de-montage-de-angebaut","61":"pa_type-de-selection-cct-de-in-der-leuchte","62":"pa_type-de-variation-de-dimmbar-dali-2","63":"pa_type-de-variation-de-nicht-dimmbar","65":"first","66":"instock","67":"shipping-taxable","68":"purchasable","69":"product-type-variable"},"acf":[],"_links":{"self":[{"href":"https:\/\/www.indigo-lighting.com\/de\/wp-json\/wp\/v2\/product\/449542","targetHints":{"allow":["GET"]}}],"collection":[{"href":"https:\/\/www.indigo-lighting.com\/de\/wp-json\/wp\/v2\/product"}],"about":[{"href":"https:\/\/www.indigo-lighting.com\/de\/wp-json\/wp\/v2\/types\/product"}],"replies":[{"embeddable":true,"href":"https:\/\/www.indigo-lighting.com\/de\/wp-json\/wp\/v2\/comments?post=449542"}],"wp:featuredmedia":[{"embeddable":true,"href":"https:\/\/www.indigo-lighting.com\/de\/wp-json\/wp\/v2\/media\/784139"}],"wp:attachment":[{"href":"https:\/\/www.indigo-lighting.com\/de\/wp-json\/wp\/v2\/media?parent=449542"}],"wp:term":[{"taxonomy":"product_brand","embeddable":true,"href":"https:\/\/www.indigo-lighting.com\/de\/wp-json\/wp\/v2\/product_brand?post=449542"},{"taxonomy":"product_cat","embeddable":true,"href":"https:\/\/www.indigo-lighting.com\/de\/wp-json\/wp\/v2\/product_cat?post=449542"},{"taxonomy":"product_tag","embeddable":true,"href":"https:\/\/www.indigo-lighting.com\/de\/wp-json\/wp\/v2\/product_tag?post=449542"},{"taxonomy":"family","embeddable":true,"href":"https:\/\/www.indigo-lighting.com\/de\/wp-json\/wp\/v2\/family?post=449542"}],"curies":[{"name":"wp","href":"https:\/\/api.w.org\/{rel}","templated":true}]}}

<ul>
<li>Wasserdichte lineare Leuchte.</li>
<li>Diffusor aus Polycarbonat.</li>
<li>3000K, 4000K oder 6500K wählbar über einen Schalter in der Leuchte.</li>
<li>Mit Durchgangsverdrahtung.</li>
<li>Nicht dimmbarer oder dimmbarer DALI-Konverter in der Leuchte integriert.</li>
<li>Inklusive Montageclips, optional mit Bügeln und Aufhängungsseilen.</li>
<li>Optionaler PIR-Bewegungs- und Dämmerungsmelder: Erfassungsbereich max. 8m Durchmesser, Installationshöhe max. 6m, Master/Slave-Funktion.</li>
</ul>

<p>Wasserdichte lineare Leuchte. Diffusor aus Polycarbonat. 3000K, 4000K oder 6500K wählbar über einen Schalter in der Leuchte. Mit Durchgangsverdrahtung. Nicht dimmbarer oder dimmbarer DALI-Konverter in der Leuchte integriert. Inklusive Montageclips, optional mit Bügeln und Aufhängungsseilen. Optionaler PIR-Bewegungs- und Dämmerungsmelder: Erfassungsbereich max. 8m Durchmesser, Installationshöhe max. 6m, Master/Slave-Funktion.</p>
